r?
True
Is -1*(-353)/2*2 a composite number?
False
Suppose -12 + 62 = -5*b. Is (b/(-15))/(2/177) a prime number?
True
Suppose -4*o - 1 + 13 = 0. Suppose -3*i = 3*r - 177, o*i = r - 3*r + 176. Is i composite?
True
Suppose 61 = 3*s + 7. Suppose -21 = -2*y + 41. Let x = y - s. Is x composite?
False
Let q be ((-112)/24)/((-2)/(-3)). Let r(m) = -m**3 - 7*m**2 - 6*m - 5. Is r(q) a prime number?
True
Suppose 0 = -7*z + 10*z. Let r = 15 + -10. Suppose z = -v + r*v - 652. Is v composite?
False
Let h(s) = -s**2 + 10*s - 1. Let d be 20/6*18/10. Is h(d) a composite number?
False
Let y = -9 - -9. Is 251*(1 - (0 + y)) composite?
False
Suppose -4*t - 2*p + 3*p + 901 = 0, 0 = -2*t + 3*p + 463. Let l be (t/40)/((-4)/(-30)). Suppose -2*z + 291 = 5*o, l = o + 2*z - 7*z. Is o a prime number?
False
Is (2478/9)/(2/3) a prime number?
False
Let v(q) = 5*q**3 + 2*q**2 - 2*q - 1. Let d be v(-2). Let t = 82 + d. Is t prime?
True
Let o(q) = -5*q**3 - 2*q**2 - 4*q - 3. Let c = -3 + -5. Let j be 8/(-5) - c/(-20). Is o(j) a composite number?
False
Let t = 15 - 33. Let r = 29 + t. Is r composite?
False
Let f(q) = -q**3 + 3*q + 3. Let p be f(-2). Suppose -4*w + 3*x = -2*w - 370, -4*x = -p*w + 925. Is w prime?
False
Let v = 13 + -9. Suppose v*n = 15 + 1. Suppose 0 = -n*p - 104 + 468. Is p a prime number?
False
Let t(u) = -31*u + 1. Let y be t(-1). Suppose -453 = -5*p + y. Is p prime?
True
Let w(r) = -3*r**3 - r + 1. Let n be w(1). Let j(a) = 11*a + 4 - 8*a - 12*a. Is j(n) prime?
True
Let b(z) = 3*z - 6. Let f be b(4). Let n(m) = 2*m**2 + f - 8*m + 4*m**2 - 6*m**2 + m**2. Is n(9) a prime number?
False
Let t = 173 + -16. Is t prime?
True
Let h = 132 + -88. Let j = h - -179. Is j composite?
False
Suppose 4*c = -2*d + 1898, -3*d - 1896 = -5*d - 5*c. Is d prime?
True
Suppose 2*c - 388 = -2*c. Is c a composite number?
False
Suppose 286 = p + 73. Is p prime?
False
Let w(r) = 228*r + 1. Is w(3) a prime number?
False
Let b be (0 + -4)*1/(-2). Suppose 5*n = 5*k - 35, b*n + 13 = -k - 2*n. Suppose 0 = h - k*h + 2*u + 164, h - 97 = 4*u. Is h a composite number?
True
Suppose 1842 = 5*w + w. Is w a composite number?
False
Let u(c) = -21*c - 20. Is u(-11) a composite number?
False
Suppose -4*v = -5*v - 2*o + 272, -3*o = -5*v + 1347. Suppose v = 2*i - 16. Let c = -90 + i. Is c a prime number?
True
Let o = 16 - -221. Is o composite?
True
Let v be -2 - (0 + -1)/1. Let d = v - 5. Is (-15)/d*14*1 a prime number?
False
Let z be 3 + 0 + (1 - 2). Let m(g) = -2*g**2 - g**3 - 4*g + 3*g**2 - 6*g**z + 3. Is m(-5) a composite number?
False
Let z(l) = -4*l + 7. Suppose 2*x - 3 = -h + 7, 3*h = 6. Suppose 0*v + 40 = -3*j + 2*v, -60 = 4*j - x*v. Is z(j) a composite number?
False
Suppose 3*u - 3*m = -0*u, -2*m = -4*u + 6. Suppose 2*j - u*j = -5. Suppose 0 = j*f - 427 - 628. Is f a prime number?
True
Suppose 0 = -u - 4*u + 45. Let g = -18 + u. Is (g - -2)/((-2)/6) a prime number?
False
Let v(w) = -w**3 - 9*w**2 - 2*w - 13. Is v(-11) composite?
False
Is (-6)/27 + 670/18 prime?
True
Suppose d - 7 - 1 = 0. Let o = d - 3. Suppose -5*p = -3*n + 17, -4*n + o + 39 = 4*p. Is n a composite number?
True
Let l = 7 - 6. Let h be 1 + l + 43*2. Suppose 5*k = 2*o - 18, -3*o - k - 27 = -h. Is o a prime number?
True
Let c = -132 - -355. Is c a prime number?
True
Let m(r) be the first derivative of 7/2*r**2 + 7*r - 2 + 1/3*r**3. Is m(-9) a composite number?
True
Let q(i) = -27*i - 2. Suppose 5*l - 5 = 6*l. Let n = 2 + l. Is q(n) a composite number?
False
Is ((-10)/25)/(4/(-2510)) prime?
True
Let b(u) = -u**2 - 9*u + 4. Let v be b(-9). Suppose -3*g - 5*i = -34, -22 = g + v*i - 9*i. Suppose -g*y = -43 - 14. Is y a prime number?
True
Suppose -4*w + 1934 + 606 = 0. Is w a prime number?
False
Suppose 4*h - 6337 = -5*n, -3*h + 0*n + 2*n + 4747 = 0. Is h a composite number?
False
Is (751/2)/((-13)/(-26)) prime?
True
Let r = 321 + -130. Is r prime?
True
Let z(r) = r**2 + 6*r - 5. Let y be z(-5). Is 22/(2 + 16/y) a composite number?
True
Suppose -3*u - 5*p + 11 + 9 = 0, 3*u - 36 = 3*p. Is u a composite number?
True
Suppose 17 = 5*j - 8. Suppose 5*a - 175 = -j*p, -5*a = 3*p - 239 + 64. Is a a prime number?
False
Suppose 0 = 2*z - 5*z + 2*s + 1433, -z + 487 = 4*s. Is z composite?
False
Let h(w) = 7*w. Let q be h(-2). Let j be ((-7)/q)/((-1)/(-12)). Let m = 28 - j. Is m prime?
False
Suppose 0 = -2*s - 4 - 4. Let p be (6/s)/(3/12). Let j(a) = -11*a + 1. Is j(p) a prime number?
True
Let q(d) = d**2 - 20*d - 18. Is q(22) prime?
False
Let r = 8 - 6. Let k be (5/(-4))/(1/8). Is (-64)/k + r/(-5) composite?
True
Suppose -u + 2690 = u. Is u composite?
True
Let j(b) be the first derivative of -b**5/20 - 5*b**4/12 + 5*b**3/6 + 5*b**2/2 + 2*b + 3. Let m(z) be the first derivative of j(z). Is m(-6) a prime number?
True
Suppose -2*o + k = -507, -5*k = -0*o + 3*o - 754. Is o composite?
True
Suppose d - 5*u = 12, -5*u + 0*u - 21 = 2*d. Let z = 3 + d. Suppose z = -0*s + 3*s - 366. Is s a composite number?
True
Suppose -4*m + 202 = -2*d, -m = -d + 2*d - 46. Is m a composite number?
True
Let j(a) = -213*a + 41. Is j(-6) a composite number?
False
Suppose 5*z = -5*l + 9820, 2*z + 1571 = -l + 5496. Is z prime?
False
Let b be 3/15 - (-38)/10. Is (-4 + 30)/(b/14) composite?
True
Let v(f) = f - 4. Let b be v(6). Suppose 4*o + 2*i + b*i = 164, -3*o = 5*i - 121. Suppose -o - 117 = -3*p. Is p composite?
False
Suppose 0 = 4*j + 297 + 439. Let p = j - -347. Is p composite?
False
Let h(s) = -11*s**2 + 1. Let f be h(1). Is (-201 + f)/(-1 - 0) composite?
False
Let k = 3247 + -2166. Is k a prime number?
False
Let l be (4 - 3)/((-2)/(-8)). Suppose l*s = s + 12. Suppose -s*z + 72 + 20 = 0. Is z prime?
True
Suppose 3*q - 297 = -2*b, b - 161 = -3*q - q. Is 0 + 3/(9/b) prime?
True
Let b be 1*-5*8/(-10). Let i(c) = 7*c**2 - 2 + 0*c - 5*c**3 - 2*c + b*c**3. Is i(5) prime?
False
Suppose -4938 - 443 = -m. Is m a composite number?
False
Let y(p) = 148*p + 41. Is y(18) prime?
False
Suppose -2*j - 1 = -3*u, -3*j - 4*u - u = -27. Suppose -1380 = -j*x - 232. Is x a prime number?
False
Suppose 2*c - f + 2 = -5*f, -3*f - 60 = -5*c. Suppose 4*x - c = 11. Suppose 6*b - 11 = x*b. Is b prime?
True
Let x = -23 + 13. Let s(k) = -k**3 - 10*k**2 - 3*k + 10. Let q be s(x). Suppose 23 = b - 4*o, -4*o = -4*b - o + q. Is b a prime number?
True
Let a = 86 + 74. Let h = a - 114. Is h composite?
True
Let p(z) = 6*z**2 - 3*z**2 - 4*z + 8 - 8. Is p(-5) prime?
False
Let m(u) = 7*u + 8. Let w(p) = p + 1. Let a(q) = -m(q) + 2*w(q). Is a(-5) prime?
True
Suppose -884 = 3*z - 4*z. Let c = z - 577. Is c a prime number?
True
Suppose 47 = 3*i - 40. Let p be i/3*(0 + -3). Let m = 28 - p. Is m a composite number?
True
Suppose 25 = 5*t + 3*c, t - 2*t = 4*c + 12. Let r(k) = -k**2 - 9*k + 12. Let y be r(t). Is 0 - 0 - (y + -3) a composite number?
False
Let c be 12/3 - 1125/5. Let d(m) = 131*m - 1. Let x be d(-1). Let b = x - c. Is b prime?
True
Let v(p) = 3*p**2 + 41*p + 23. Is v(-22) a prime number?
False
Let u = -1147 - -1611. Suppose 19 = -5*y + u. Is y a composite number?
False
Is (-3)/18 - 705/(-18) a composite number?
True
Suppose -2*n + 5*r + 3299 = 0, 6*r - 1660 = -n + 5*r. Is n composite?
False
Is (4 - 2)/(6/921) a composite number?
False
Let r(u) = -6*u - 7*u - 7*u - 7 + 4. Is r(-4) composite?
True
Let j be (-1)/(2/16*2). Let w = 93 + -94. Is 89 + (j/w)/2 a composite number?
True
Let l = -9708 + 15487. Is l prime?
True
Let p(u) = 55*u**2 + u - 1. Let s be p(1). Is s + -2 + 4 - -2 prime?
True
Let n be (103/2*10)/1. Suppose -z + n = 4*z. Is z a composite number?
False
Suppose 5 = d + 1. Suppose 5*b - 1470 = -m, 3 + 17 = d*m. Is b composite?
False
Let q = -2 + 14. Suppose 0*k + 24 = -3*k. Is (k/q)/((-2)/141) composite?
False
Let w(a) be the third derivative of -a**4/4 - 5*a**3/6 + 2*a**2. Suppose -4*v - 24 - 10 = -2*t, 0 = -v - 2*t - 16. Is w(v) a prime number?
False
Let v(u) = 36*u**2 - 4*u + 5. Suppose 0 = 6*p - 0*p - 18. Is v(p) composite?
False
Let b(o) = 19*o**2 - o + 7. Is b(-6) prime?
False
Let r be (-6)/4*(-64)/24. Suppose 33 = 4*v + c, 5*c - r*c - 5 = 0. Is v prime?
True
Let y(x) = 5*x**2 - 6*x - 7. Is y(-4) a prime number?
True
Let y be -1 + 2*2 + 0. Let c be 1537/5 - 9/(-15). Suppose -y*z + c = z. Is z a composite number?
True
Let n = 5 + -4. Let x be n + 2/2 - -2. Is ((-74)/x)/(2/(-4)) a composi